-- https://www.phpmyadmin.net/
--

START TRANSACTION;



--
-- Database: `business_avenue`
--

-- --------------------------------------------------------

--
-- Table structure for table `addresses`
--

CREATE TABLE `addresses` (
  `id` int(11) NOT NULL,
  `country` varchar(100) DEFAULT NULL,
  `state` varchar(100) DEFAULT NULL,
  `city` varchar(100) DEFAULT NULL,
  `postal_code` varchar(20) DEFAULT NULL,
  `address` varchar(255) DEFAULT NULL
) ENGINE=InnoDB DEFAULT CHARSET=utf8mb4 COLLATE=utf8mb4_general_ci;

--
-- Dumping data for table `addresses`
--

INSERT INTO `addresses` (`id`, `country`, `state`, `city`, `postal_code`, `address`) VALUES
(1, 'iraq', 'Baghdad', 'Al-Mansour', '10013', 'Sabawi ST. near Abo Jafer\'s square'),
(3, 'iraq', 'Baghdad', 'Karrada', '10069', 'Al karada'),
(10, 'iraq', 'Baghdad', 'Al-Mansour', '10013', 'Abo Jaffer');

-- --------------------------------------------------------

--
-- Table structure for table `audit_log`
--

CREATE TABLE `audit_log` (
  `id` int(11) NOT NULL,
  `user_id` int(11) NOT NULL,
  `action` varchar(255) NOT NULL,
  `table_name` varchar(100) NOT NULL,
  `record_id` int(11) DEFAULT NULL,
  `description` text DEFAULT NULL,
  `created_at` datetime DEFAULT current_timestamp()
) ENGINE=InnoDB DEFAULT CHARSET=utf8mb4 COLLATE=utf8mb4_general_ci;

-- --------------------------------------------------------

--
-- Table structure for table `branches`
--

CREATE TABLE `branches` (
  `id` int(11) NOT NULL,
  `name` varchar(255) NOT NULL,
  `address_id` int(11) DEFAULT NULL,
  `status_id` int(11) NOT NULL,
  `created_by` int(11) DEFAULT NULL,
  `created_at` datetime DEFAULT current_timestamp(),
  `updated_at` datetime DEFAULT current_timestamp() ON UPDATE current_timestamp()
) ENGINE=InnoDB DEFAULT CHARSET=utf8mb4 COLLATE=utf8mb4_general_ci;

--
-- Dumping data for table `branches`
--

INSERT INTO `branches` (`id`, `name`, `address_id`, `status_id`, `created_by`, `created_at`, `updated_at`) VALUES
(1, 'Abo Jafer', 1, 1, NULL, '2024-11-06 21:13:30', '2024-11-06 21:13:30'),
(3, 'Al Karrada', 3, 1, 1, '2024-11-06 23:27:07', '2024-11-06 23:27:07');

-- --------------------------------------------------------

--
-- Table structure for table `business_types`
--

CREATE TABLE `business_types` (
  `id` int(11) NOT NULL,
  `type_name` varchar(100) NOT NULL
) ENGINE=InnoDB DEFAULT CHARSET=utf8mb4 COLLATE=utf8mb4_general_ci;

--
-- Dumping data for table `business_types`
--

INSERT INTO `business_types` (`id`, `type_name`) VALUES
(2, 'company'),
(1, 'office');

-- --------------------------------------------------------

--
-- Table structure for table `clients`
--

CREATE TABLE `clients` (
  `id` int(11) NOT NULL,
  `user_id` int(11) NOT NULL,
  `gender` varchar(50) DEFAULT NULL,
  `birth_date` date DEFAULT NULL,
  `work_phone` varchar(20) DEFAULT NULL,
  `status_id` int(11) NOT NULL,
  `created_by` int(11) DEFAULT NULL,
  `created_at` datetime DEFAULT current_timestamp(),
  `updated_at` datetime DEFAULT current_timestamp() ON UPDATE current_timestamp()
) ENGINE=InnoDB DEFAULT CHARSET=utf8mb4 COLLATE=utf8mb4_general_ci;

-- --------------------------------------------------------

--
-- Table structure for table `contracts`
--

CREATE TABLE `contracts` (
  `id` int(11) NOT NULL,
  `user_id` int(11) NOT NULL,
  `business_name` varchar(255) DEFAULT NULL,
  `business_category` varchar(255) DEFAULT NULL,
  `business_type_id` int(11) DEFAULT NULL,
  `business_logo_url` varchar(255) DEFAULT NULL,
  `business_phone` varchar(20) DEFAULT NULL,
  `branch_id` int(11) DEFAULT NULL,
  `office_id` int(11) DEFAULT NULL,
  `rent_amount` decimal(10,2) DEFAULT NULL,
  `contract_type_id` int(11) DEFAULT NULL,
  `start_date` date DEFAULT NULL,
  `end_date` date DEFAULT NULL,
  `contract_pdf_url` varchar(255) DEFAULT NULL,
  `contract_qr_code_url` varchar(255) DEFAULT NULL,
  `contract_status_id` int(11) NOT NULL,
  `created_by` int(11) DEFAULT NULL,
  `created_at` datetime DEFAULT current_timestamp(),
  `updated_at` datetime DEFAULT current_timestamp() ON UPDATE current_timestamp()
) ENGINE=InnoDB DEFAULT CHARSET=utf8mb4 COLLATE=utf8mb4_general_ci;

-- --------------------------------------------------------

--
-- Table structure for table `contract_articles`
--

CREATE TABLE `contract_articles` (
  `id` int(11) NOT NULL,
  `contract_type_id` int(11) NOT NULL,
  `article_number` int(11) NOT NULL,
  `article_name` varchar(255) NOT NULL,
  `created_by` int(11) DEFAULT NULL,
  `created_at` datetime DEFAULT current_timestamp(),
  `updated_at` datetime DEFAULT current_timestamp() ON UPDATE current_timestamp()
) ENGINE=InnoDB DEFAULT CHARSET=utf8mb4 COLLATE=utf8mb4_general_ci;

--
-- Dumping data for table `contract_articles`
--

INSERT INTO `contract_articles` (`id`, `contract_type_id`, `article_number`, `article_name`, `created_by`, `created_at`, `updated_at`) VALUES
(3, 4, 1, 'مضمون العقد ', 8, '2024-11-09 02:40:05', '2024-11-09 02:40:05'),
(4, 4, 2, 'مدة العقد', 8, '2024-11-09 02:40:05', '2024-11-09 02:40:05'),
(5, 4, 3, 'بدل الايجار', 8, '2024-11-09 02:40:05', '2024-11-09 02:40:05'),
(6, 4, 4, 'التزامات الطرف الاول', 8, '2024-11-09 02:40:05', '2024-11-09 02:40:05'),
(7, 4, 5, 'التزامات الطرف الثاني', 8, '2024-11-09 02:40:05', '2024-11-09 02:40:05'),
(8, 4, 6, 'الاحكام العامة', 8, '2024-11-09 02:40:05', '2024-11-09 02:40:05'),
(9, 4, 7, 'حالات انتهاء العقد', 8, '2024-11-09 02:40:05', '2024-11-09 02:40:05');

-- --------------------------------------------------------

--
-- Table structure for table `contract_sections`
--

CREATE TABLE `contract_sections` (
  `id` int(11) NOT NULL,
  `article_id` int(11) NOT NULL,
  `section_number` int(11) NOT NULL,
  `section_title` varchar(255) DEFAULT NULL,
  `section_content` text DEFAULT NULL,
  `is_editable` tinyint(1) DEFAULT 1,
  `created_by` int(11) DEFAULT NULL,
  `created_at` datetime DEFAULT current_timestamp(),
  `updated_at` datetime DEFAULT current_timestamp() ON UPDATE current_timestamp()
) ENGINE=InnoDB DEFAULT CHARSET=utf8mb4 COLLATE=utf8mb4_general_ci;

--
-- Dumping data for table `contract_sections`
--

INSERT INTO `contract_sections` (`id`, `article_id`, `section_number`, `section_title`, `section_content`, `is_editable`, `created_by`, `created_at`, `updated_at`) VALUES
(6, 3, 1, '', 'اتفق الطرفان على قيام (الطرف الاول) بتأجير المكتب رقم ()مجمع بزنس افنيو الواقع في منطقة المنصور ) م ( 615 شارع 17 السبعاوي عمارة أمازون\"الطابق الاول \"الى الطرف الثاني ليمارس نشاطه التجاري فيه والذي ينحصر ب ()حصرآ  .', 1, 8, '2024-11-09 02:40:05', '2024-11-09 02:40:05'),
(7, 4, 1, '', 'اتفق الطرفان على ان تكون مدة نفاذ العقد سنة ميلادية كاملة يتم البدء باحتسابها اعتباراً من تاريخ توقيع العقد ويكون قابلاً للتجديد بعد انتهاء المدة العقدية بالتراضي واتفاق الطرفين .', 1, 8, '2024-11-09 02:40:05', '2024-11-09 02:40:05'),
(8, 5, 1, '', 'اتفق الطرفان على أن يكون بدل الإيجار الشهري مبلغاً قدره عراقي ( دع). يلتزم المستأجر تسديد هذا المبلغ في غضون خمسة أيام من بداية كل شهر. في حال تأخر المستأجر عن الدفع، تُفرض غرامة مالية بنسبة 10% من بدل الإيجار الشهري. وإذا استمر التأخير بعد فرض الغرامة، يتم فسخ العقد تلقائيًا، ويظل المستأجر ملزماً بسداد جميع المبالغ المستحقة للمؤجر.', 1, 8, '2024-11-09 02:40:05', '2024-11-09 02:40:05'),
(9, 5, 2, '', 'بعد انتهاء مدة العقد الأولى كما هو موضح في البند (ثانياً/مدة العقد)، يُضاف إلى بدل الإيجار الشهري نسبة 10% من قيمته.', 1, 8, '2024-11-09 02:40:05', '2024-11-09 02:40:05'),
(10, 6, 1, '', 'يلتزم الطرف الاول بتمكين الطرف الثاني من الانتفاع بالمكتب المستأجر وفق النشاط المتفق عليه .', 0, 8, '2024-11-09 02:40:05', '2024-11-09 02:40:05'),
(11, 6, 2, '', 'يلتزم الطرف الاول بتوفير خدمة الانترنت للطرف الثاني , يستثنى منها حالات الانقطاع القاهرة والغير متعمدة والاعطال الفنية .', 0, 8, '2024-11-09 02:40:05', '2024-11-09 02:40:05'),
(12, 6, 3, '', 'يلتزم الطرف الاول بتجهيز المكتب المستأجر بالاثاث الاساسي للعمل وبشكل مجاني وتشمل (ميز مكتبي عدد 1 مع كرسي متحرك عدد 1مع كرسي مداولة عدد2 مع طاولة عدد 1 ) . أذا طلب الطرف الثاني إضافة أي أثاث آخر غير ما هو محدد أعلاه، يتم إضافة مبلغ إضافي يتم الاتفاق عليه بين الطرفين . ', 1, 8, '2024-11-09 02:40:05', '2024-11-09 02:40:05'),
(13, 6, 4, '', 'يلتزم الطرف الاول بالسماح للطرف الثاني باضافة اي قطع اثاث يراها ضرورية لمكتبه المستأجر وحسب الحاجة وازالة اي قطع فائضة عن حاجته بعد استحصال موافقة الطرف الاول المسبقة وعلمه .', 0, 8, '2024-11-09 02:40:05', '2024-11-09 02:40:05'),
(14, 6, 5, '', 'يلتزم الطرف الاول بتوفير خدمة الحراسة والحماية والامان للمشروع داخل مفاصل المشروع بشكل عام (ولايشمل ذلك داخل المكتب المستأجر ) .', 0, 8, '2024-11-09 02:40:05', '2024-11-09 02:40:05'),
(15, 6, 6, '', 'يلتزم الطرف الاول بتوفير كاميرات مراقبة عالية الجودة لمفاصل المشروع وليس داخل المكاتب ويكون التسجيل لمدة 15 يوم فقط ', 0, 8, '2024-11-09 02:40:05', '2024-11-09 02:40:05'),
(16, 6, 7, '', 'يلتزم الطرف الاول بتوفير مفتاح احتياط للمكتب المستأجر تودع لديه لمعالجة الامور الطارئة ولايحق له او لموظفيه الدخول الى المكتب الا باذن صريح من جانب الطرف الثاني وفي الحالات الاضطرارية او لغرض التنظيف في حال الاشتراك بباقة الخدمات .', 0, 8, '2024-11-09 02:40:05', '2024-11-09 02:40:05'),
(17, 6, 8, '', 'يلتزم الطرف الاول بتوفير مكان استراحة واسع للطرف الثاني لغرض الراحة والاستجمام . ', 0, 8, '2024-11-09 02:40:05', '2024-11-09 02:40:05'),
(18, 6, 9, '', 'يلتزم الطرف الاول بالسماح للطرف الثاني الاستفادة من قاعة الاجتماعات التي تسع ( 10 أشخاص ) بشكل مجاني لعدد ساعات (10 ساعة مجانية ضمن مبلغ الايجار ) في الشهر ويتوجب على الطرف الثاني الحجز والتبليغ المسبق .', 0, 8, '2024-11-09 02:40:05', '2024-11-09 02:40:05'),
(19, 6, 10, '', 'يلتزم الطرف الاول بتوفير شركة اعلانات وتسويق للطرف الثاني باسعار مخفضة حسب رغبة الطرف الثاني .', 0, 8, '2024-11-09 02:40:05', '2024-11-09 02:40:05'),
(20, 7, 1, '', 'يلتزم الطرف الثاني بايداع تأمينات مالية وقدرها (د.ع) كتابة (الف دينار عراقي.) وتسترجع التأمينات بطلب رسمي من المستأجر قبل 30 يوم من انتهاء مدة العقد. وفي حال خروج المستأجر قبل انتهاء المدة المذكورة بالعقد فيسقط حق التأمينات ولا يحق له المطالبة بها', 1, 8, '2024-11-09 02:40:05', '2024-11-09 02:40:05'),
(21, 7, 2, '', 'يحق للطرف الاول فسخ العقد مع الطرف الثاني في حال مخالفة القانون أو النظام العام والأداب مع التبليغ بمدة معينة لاتقل عن ثلاثة ايام عن ترك المكان .', 0, 8, '2024-11-09 02:40:05', '2024-11-09 02:40:05'),
(22, 7, 3, '', 'لايحق للطرف الثاني التراجع بعد توقيع العقد,وفي حال اراد التراجع وفسخ العقد فلا يحق له استرجاع المبالغ المدفوعة سواء عربون او جزء من الايجار من الطرف الاول. ', 0, 8, '2024-11-09 02:40:05', '2024-11-09 02:40:05'),
(23, 7, 4, '', 'في حال رغبة الطرف الثاني في فسخ العقد واخلاء المكتب يجب عليه ابلاغ الطرف الاول بمدة لاتقل عن 30 يوم من تاريخ الاخلاء وبعد اشغاله للمكتب خلال الفترة المحددة اعلاه ودفع كافة المستحقات التي في ذمته . ', 0, 8, '2024-11-09 02:40:05', '2024-11-09 02:40:05'),
(24, 7, 5, '', 'في حال رغبة الطرف الثاني التمتع بخدمة التنظيف داخل المكتب حصرآ يتم دفع مستحقات مالية وقيمتها (30,000 دينار عراقي ) شهرياً .', 0, 8, '2024-11-09 02:40:05', '2024-11-09 02:40:05'),
(25, 7, 6, '', 'يحق للطرف الاول فسخ العقد واخلاء المكتب في حال اثبات ضرر او تكرار شكوى من المستهلكين بسبب رداءة منتجاته وبضاعته او سوء سمعتة شركته او شكوى متكررة ومقنعة من زملاءة اصحاب المكاتب او لأسباب اخرى مقنعة من جهة نظر الطرف الاول مع التبليغ بفترة لاتقل عن 3 ثلاثة أيام .', 0, 8, '2024-11-09 02:40:05', '2024-11-09 02:40:05'),
(26, 7, 7, '', 'الطرف الثاني المسؤول بشكل كامل عن مكتبه وسلامته الشخصية وعن خصوصيته وسلامة ممتلكاته واغراضه الخاصة (داخل المكتب).', 0, 8, '2024-11-09 02:40:05', '2024-11-09 02:40:05'),
(27, 7, 8, '', 'يجب على الطرف الثاني تعويض الطرف الاول في حال اضراره للاثاث وللزجاج وللمشروع بشكل عام عن اي ضرر او تلف يحدث او ضياع او نقص في الموجودات وفي حال امتناعه يتم فسخ العقد معه مباشرة.', 0, 8, '2024-11-09 02:40:05', '2024-11-09 02:40:05'),
(28, 7, 9, '', 'يتعهد الطرف الثاني بتحمل اي مسائلة تخص منتجاته اوشركته من اي شكوى او ضرر او تبعات اخرى والطرف الاول غير مسؤول عن ذلك .', 0, 8, '2024-11-09 02:40:05', '2024-11-09 02:40:05'),
(29, 7, 10, '', 'يتحمل الطرف الثاني اي مسائلة قانونية تخص الشركة واسمها واسم المكتب ونشاطه وتسجيل الشركة والاوراق الثبوتية المتعلقة بذلك واوراقه الثبوتية الشخصية امام الجهات الحكومية والاهلية.', 0, 8, '2024-11-09 02:40:05', '2024-11-09 02:40:05'),
(30, 7, 11, '', 'الالتزام بالهدوء قدر الإمكان ومراعاة المساحة المخصصة له داخل المكتب والمساحة المشتركة للعمل والمحافظة على نظافة المكان وتكراره يتم فسخ العقد .', 0, 8, '2024-11-09 02:40:05', '2024-11-09 02:40:05'),
(31, 7, 12, '', 'يمنع منعاً باتاً طهي الطعام او صنع المشروبات داخل المكتب أو وضع براد ماء أو غلاية, لكن يسمح بالاكل والشرب داخل المكتب بشكل طبيعي جداً للحفاظ على السلامة العامة .', 0, 8, '2024-11-09 02:40:05', '2024-11-09 02:40:05'),
(32, 7, 13, '', 'يلتزم الطرف الثاني في النشاط المذكور في هذا العقد وفي حال ثبوت تغيير النشاط وعدم تبليغ الأدارة فيتم فوراً فسخ العقد معه.', 0, 8, '2024-11-09 02:40:05', '2024-11-09 02:40:05'),
(33, 7, 14, '', 'يلتزم الطرف الثاني، في حال رغبته في الخروج وإخلاء المكتب، بتوقيع فورمة فسخ العقد وبراءة ذمة. كما يلتزم الطرف الثاني بتسليم المكتب في حالة جيدة وفقاً لما هو متفق عليه في العقد .', 0, 8, '2024-11-09 02:40:05', '2024-11-09 02:40:05'),
(34, 7, 15, '', 'يلتزم الطرف الثاني بالحفاظ على سرية جميع المعلومات المتعلقة بالعقد المبرم بين الطرفين. في حالة عدم الالتزام بهذا البند ، يحق للطرف الأول فسخ العقد بشكل مباشر دون الحاجة إلى إشعار مسبق .', 0, 8, '2024-11-09 02:40:05', '2024-11-09 02:40:05'),
(35, 7, 16, '', 'يتحمل الطرف الثاني المسؤولية كاملة عن أي إزعاجات أو تصرفات غير لائقة تصدر عن زبائنه. يكون الطرف الثاني مسؤولاً عن معالجة أي مشكلة تنشأ نتيجة لتصرفات زبائنه، ويجب عليه اتخاذ التدابير اللازمة لضمان عدم تكرار هذه التصرفات وفي حال تكرار المخالفات يؤدي ذلك الى فسخ العقد فورآ . ', 0, 8, '2024-11-09 02:40:05', '2024-11-09 02:40:05'),
(36, 7, 17, '', 'يلتزم الطرف الثاني وزبائنه بعدم إدخال الأسلحة أو المواد الجارحة إلى داخل المشروع تحت أي سبب كان. في حال مخالفة هذا البند، يحق للطرف الأول فسخ العقد فوراً، وتسقط جميع المستحقات المالية للطرف الثاني.', 0, 8, '2024-11-09 02:40:05', '2024-11-09 02:40:05'),
(37, 8, 1, '', 'في حالة فسخ العقد، يُمنح الطرف الثاني مهلة أقصاها 3 أيام لرفع ممتلكاته الخاصة من المكتب. إذا لم يقم الطرف الثاني برفع ممتلكاته خلال المهلة المحددة، يحق للطرف الأول مصادرة الممتلكات ونقلها إلى خارج الشركة ، ويكون الطرف الاول غير مسؤول عن أي تلف أو ضرر قد يحدث لهذه الممتلكات. خلال فترة الثلاثة أيام، يُشترط تسديد بدل الإيجار المستحق قبل السماح للطرف الثاني بنقل ممتلكاته .', 0, 8, '2024-11-09 02:40:05', '2024-11-09 02:40:05'),
(38, 8, 2, '', 'يحق للطرف الاول تغيير موقع المكتب المستأجر فيما بعد اذا اقتضت مصلحة العمل ذلك (الضرورة الملحة او لغرض صيانة معينة ) ولغرض تطوير المشروع او في حالة رغبة الطرف الثاني بتوسيع المكتب بالاتفاق والتراضي مع مراعاة تغيير الاسعار لبدل الايجار المسمى في العقد وحسب الموقع الجديد.', 0, 8, '2024-11-09 02:40:05', '2024-11-09 02:40:05'),
(39, 8, 3, '', 'الطرف الاول غير مسؤول عن استحصال الموافقات الحكومية للمكتب او الشركة الخاصة بالطرف الثاني ويكون هو المسؤول عن مكتبه او شركته ونشاطه بشكل عام امام الجهات الحكومية الرسمية ويخضع لضوابطها واجراءاتها .', 0, 8, '2024-11-09 02:40:05', '2024-11-09 02:40:05'),
(40, 8, 4, '', 'الطرف الاول غير مسؤول عن تعاملات الطرف الثاني وعقوده ونشاطه وعمله مع زبائنه ويتحمل الطرف الثاني وموظفيه المسؤولية القانونية والعشائرية في حالة حصول فعل يستوجب المسائلة القانونية او العشائرية من قبلهم .', 0, 8, '2024-11-09 02:40:05', '2024-11-09 02:40:05'),
(41, 8, 5, '', 'لايحق للطرف الثاني التراجع عن الايجار بعد توقيع العقد وفي حالة حصول ذلك يعتبر ناكلاً يستوجب فقدان حقه بالمطالبة بقيمة بدل الايجار المدفوع ومبلغ التامينات . ', 0, 8, '2024-11-09 02:40:05', '2024-11-09 02:40:05'),
(42, 8, 6, '', 'يحق للطرف الاول تقديم المستمسكات الثبوتية الخاصة بالطرف الثاني للسلطات الامنية المختصة والجهات الحكومية في حالة حصول عارض امني او جنائي يستوجب ذلك وفي حالة تم طلب المستمسكات وأوراق الشركة من قبل الجهات الحكومية من الطرف الاول.', 0, 8, '2024-11-09 02:40:05', '2024-11-09 02:40:05'),
(43, 8, 7, '', 'يخضع العقد لكافة الانظمة والتعليمات والقوانين النافذة في جمهورية العراق.', 0, 8, '2024-11-09 02:40:05', '2024-11-09 02:40:05'),
(44, 8, 8, '', 'في حال مخالفة بنود العقد وعدم الالتزام بها والاضرار المتعمد بمصلحة الطرف الاول او عدم دفع مستحقات مترتبة بذمة الطرف الثاني لصالح الطرف الاول سيؤدي ذلك الى ادراج اسم الشركة / المكتب وممثلهما ضمن القائمة السوداء ولن يتم التعامل معه مستقبلآ في جميع افرع الشركة . ', 0, 8, '2024-11-09 02:40:05', '2024-11-09 02:40:05'),
(45, 8, 9, '', 'تعتبر الضوابط العامة للعمل جزء لا يتجزء من العقد .', 0, 8, '2024-11-09 02:40:05', '2024-11-09 02:40:05'),
(46, 8, 10, '', 'تعتبر التبليغات بكتب رسمية او من خلال قنوات التواصل الاجتماعي هي تبليغات سارية المفعول .', 0, 8, '2024-11-09 02:40:05', '2024-11-09 02:40:05'),
(47, 8, 11, '', 'سيتم مخاطبة الجهات المعنية (مسجل الشركات – غرفة تجارة – مختار المحلة – البلدية – الامانة العامة لمجلس الوزراء – النقابات المختصة – الاستخبارات والامن الوطني ) بقوائم المكاتب والشركات والمنظمات وجميع النشاطات الموجودة والمغادرة من مقرات الشركة وبشكل شهري لأغراض الجرد وتثبيت المواقع الرسمية للشركات.', 0, 8, '2024-11-09 02:40:05', '2024-11-09 02:40:05'),
(48, 9, 1, '', 'ينتهي العقد بانتهاء مدته المثبتة في ثانيآ – مدة العقد', 0, 8, '2024-11-09 02:40:05', '2024-11-09 02:40:05'),
(49, 9, 2, '', 'في حالة اتفاق الطرفين على انهائه رضائياً دون ان يترتب على ذلك اي اثار قانونية او مالية.', 0, 8, '2024-11-09 02:40:05', '2024-11-09 02:40:05'),
(50, 9, 3, '', 'يحق للطرف الاول فسخ العقد من جانب واحد دون اللجوء للقضاء في الحالات التالية :-\n3-1-	في حالة ورود شكوى رسمية من المستهلكين أو ممارسة اعمال النصب والاحتيال او شكوى من شاغلي المكاتب المجاورة .\n3-2-	مخالفة بند أو اكثر من بنود العقد .\n3-3-	مخالفة القوانين والانظمة والتعليمات والنظام العام والاداب .\n3-4-	في حالة ثبوت قيام الطرف الثاني بتغيير نوع النشاط الذي يمارسه داخل المكتب بدون علم موافقة الطرف الاول .\n3-5-	في حال حدوث مشكلة مع زبائنه داخل المشروع .\nويتوجب على الطرف الاول في الحالات أعلاه توجبه اشعار رسمي الى الطرف الثاني يذكر فيه نوع المخالفة المنسوبة له و نية الطرف الاول بالفسخ والزامه بشروطه .', 0, 8, '2024-11-09 02:40:05', '2024-11-09 05:00:04');

-- --------------------------------------------------------

--
-- Table structure for table `contract_statuses`
--

CREATE TABLE `contract_statuses` (
  `id` int(11) NOT NULL,
  `status_name` varchar(50) NOT NULL
) ENGINE=InnoDB DEFAULT CHARSET=utf8mb4 COLLATE=utf8mb4_general_ci;

--
-- Dumping data for table `contract_statuses`
--

INSERT INTO `contract_statuses` (`id`, `status_name`) VALUES
(2, 'active'),
(4, 'ended'),
(1, 'pending'),
(3, 'terminated');

-- --------------------------------------------------------

--
-- Table structure for table `contract_types`
--

CREATE TABLE `contract_types` (
  `id` int(11) NOT NULL,
  `type_name` varchar(255) NOT NULL,
  `title` varchar(255) DEFAULT NULL,
  `authorized_user_id` int(11) DEFAULT NULL,
  `authorized_use_times` int(11) DEFAULT NULL,
  `created_by` int(11) DEFAULT NULL,
  `created_at` datetime DEFAULT current_timestamp(),
  `updated_at` datetime DEFAULT current_timestamp() ON UPDATE current_timestamp()
) ENGINE=InnoDB DEFAULT CHARSET=utf8mb4 COLLATE=utf8mb4_general_ci;

--
-- Dumping data for table `contract_types`
--

INSERT INTO `contract_types` (`id`, `type_name`, `title`, `authorized_user_id`, `authorized_use_times`, `created_by`, `created_at`, `updated_at`) VALUES
(4, 'standard', 'عقـــد أيــــجار', 1, 99999, 8, '2024-11-09 02:40:05', '2024-11-09 02:40:05');

-- --------------------------------------------------------

--
-- Table structure for table `documents`
--

CREATE TABLE `documents` (
  `id` int(11) NOT NULL,
  `user_id` int(11) NOT NULL,
  `document_url` varchar(255) NOT NULL,
  `mime_type` varchar(50) DEFAULT NULL,
  `document_type_id` int(11) NOT NULL,
  `created_by` int(11) DEFAULT NULL,
  `created_at` datetime DEFAULT current_timestamp(),
  `updated_at` datetime DEFAULT current_timestamp() ON UPDATE current_timestamp()
) ENGINE=InnoDB DEFAULT CHARSET=utf8mb4 COLLATE=utf8mb4_general_ci;

-- --------------------------------------------------------

--
-- Table structure for table `document_types`
--

CREATE TABLE `document_types` (
  `id` int(11) NOT NULL,
  `type_name` varchar(100) NOT NULL
) ENGINE=InnoDB DEFAULT CHARSET=utf8mb4 COLLATE=utf8mb4_general_ci;

--
-- Dumping data for table `document_types`
--

INSERT INTO `document_types` (`id`, `type_name`) VALUES
(1, 'certificate'),
(3, 'contract'),
(2, 'identification');

-- --------------------------------------------------------

--
-- Table structure for table `employees`
--

CREATE TABLE `employees` (
  `id` int(11) NOT NULL,
  `user_id` int(11) NOT NULL,
  `gender` varchar(50) DEFAULT NULL,
  `birth_date` date DEFAULT NULL,
  `profile_image_url` varchar(255) DEFAULT NULL,
  `degree` varchar(255) DEFAULT NULL,
  `branch_id` int(11) DEFAULT NULL,
  `position` varchar(255) DEFAULT NULL,
  `status_id` int(11) NOT NULL,
  `created_by` int(11) DEFAULT NULL,
  `created_at` datetime DEFAULT current_timestamp(),
  `updated_at` datetime DEFAULT current_timestamp() ON UPDATE current_timestamp()
) ENGINE=InnoDB DEFAULT CHARSET=utf8mb4 COLLATE=utf8mb4_general_ci;

--
-- Dumping data for table `employees`
--

INSERT INTO `employees` (`id`, `user_id`, `gender`, `birth_date`, `profile_image_url`, `degree`, `branch_id`, `position`, `status_id`, `created_by`, `created_at`, `updated_at`) VALUES
(7, 8, 'male', '1992-07-17', NULL, 'high_school', 1, 'manager', 1, 1, '2024-11-07 09:20:14', '2024-11-07 09:20:14');

-- --------------------------------------------------------

--
-- Table structure for table `notifications`
--

CREATE TABLE `notifications` (
  `id` int(11) NOT NULL,
  `user_id` int(11) NOT NULL,
  `message` text NOT NULL,
  `is_read` tinyint(1) DEFAULT 0,
  `created_at` datetime DEFAULT current_timestamp()
) ENGINE=InnoDB DEFAULT CHARSET=utf8mb4 COLLATE=utf8mb4_general_ci;

-- --------------------------------------------------------

--
-- Table structure for table `offices`
--

CREATE TABLE `offices` (
  `id` int(11) NOT NULL,
  `name` varchar(255) NOT NULL,
  `office_type_id` int(11) DEFAULT NULL,
  `status_id` int(11) NOT NULL,
  `branch_id` int(11) NOT NULL,
  `created_by` int(11) DEFAULT NULL,
  `created_at` datetime DEFAULT current_timestamp(),
  `updated_at` datetime DEFAULT current_timestamp() ON UPDATE current_timestamp()
) ENGINE=InnoDB DEFAULT CHARSET=utf8mb4 COLLATE=utf8mb4_general_ci;

--
-- Dumping data for table `offices`
--

INSERT INTO `offices` (`id`, `name`, `office_type_id`, `status_id`, `branch_id`, `created_by`, `created_at`, `updated_at`) VALUES
(2, 'A1', 1, 1, 1, 1, '2024-11-07 10:28:54', '2024-11-07 10:28:54'),
(3, 'A2', 2, 1, 1, 1, '2024-11-07 13:09:30', '2024-11-07 13:09:30'),
(5, 'A4', 2, 1, 1, 1, '2024-11-07 13:10:09', '2024-11-07 13:10:09'),
(6, 'A5', 2, 1, 1, 1, '2024-11-07 13:10:25', '2024-11-07 13:10:25');

-- --------------------------------------------------------

--
-- Table structure for table `office_types`
--

CREATE TABLE `office_types` (
  `id` int(11) NOT NULL,
  `type_name` varchar(100) NOT NULL
) ENGINE=InnoDB DEFAULT CHARSET=utf8mb4 COLLATE=utf8mb4_general_ci;

--
-- Dumping data for table `office_types`
--

INSERT INTO `office_types` (`id`, `type_name`) VALUES
(1, 'private'),
(3, 'shared'),
(2, 'standard'),
(4, 'virtual');

-- --------------------------------------------------------

--
-- Table structure for table `roles`
--

CREATE TABLE `roles` (
  `id` int(11) NOT NULL,
  `role_name` varchar(50) NOT NULL
) ENGINE=InnoDB DEFAULT CHARSET=utf8mb4 COLLATE=utf8mb4_general_ci;

--
-- Dumping data for table `roles`
--

INSERT INTO `roles` (`id`, `role_name`) VALUES
(1, 'admin'),
(4, 'client'),
(3, 'employee'),
(2, 'system');

-- --------------------------------------------------------

--
-- Table structure for table `statuses`
--

CREATE TABLE `statuses` (
  `id` int(11) NOT NULL,
  `status_name` varchar(50) NOT NULL
) ENGINE=InnoDB DEFAULT CHARSET=utf8mb4 COLLATE=utf8mb4_general_ci;

--
-- Dumping data for table `statuses`
--

INSERT INTO `statuses` (`id`, `status_name`) VALUES
(1, 'active'),
(2, 'inactive');

-- --------------------------------------------------------

--
-- Table structure for table `user_references`
--

CREATE TABLE `user_references` (
  `id` int(11) NOT NULL,
  `name` varchar(255) NOT NULL,
  `mobile` varchar(20) DEFAULT NULL,
  `address_id` int(11) DEFAULT NULL,
  `relation` varchar(100) DEFAULT NULL,
  `user_id` int(11) NOT NULL,
  `created_by` int(11) DEFAULT NULL,
  `created_at` datetime DEFAULT current_timestamp(),
  `updated_at` datetime DEFAULT current_timestamp() ON UPDATE current_timestamp()
) ENGINE=InnoDB DEFAULT CHARSET=utf8mb4 COLLATE=utf8mb4_general_ci;

--
-- Indexes for dumped tables
--

--
-- Indexes for table `addresses`
--
ALTER TABLE `addresses`
  ADD PRIMARY KEY (`id`);

--
-- Indexes for table `audit_log`
--
ALTER TABLE `audit_log`
  ADD PRIMARY KEY (`id`),
  ADD KEY `user_id` (`user_id`);

--
-- Indexes for table `branches`
--
ALTER TABLE `branches`
  ADD PRIMARY KEY (`id`),
  ADD KEY `address_id` (`address_id`),
  ADD KEY `status_id` (`status_id`),
  ADD KEY `created_by` (`created_by`);

--
-- Indexes for table `business_types`
--
ALTER TABLE `business_types`
  ADD PRIMARY KEY (`id`),
  ADD UNIQUE KEY `type_name` (`type_name`);

--
-- Indexes for table `clients`
--
ALTER TABLE `clients`
  ADD PRIMARY KEY (`id`),
  ADD KEY `user_id` (`user_id`),
  ADD KEY `status_id` (`status_id`),
  ADD KEY `created_by` (`created_by`);

--
-- Indexes for table `contracts`
--
ALTER TABLE `contracts`
  ADD PRIMARY KEY (`id`),
  ADD KEY `user_id` (`user_id`),
  ADD KEY `business_type_id` (`business_type_id`),
  ADD KEY `branch_id` (`branch_id`),
  ADD KEY `office_id` (`office_id`),
  ADD KEY `contract_type_id` (`contract_type_id`),
  ADD KEY `contract_status_id` (`contract_status_id`),
  ADD KEY `created_by` (`created_by`);

--
-- Indexes for table `contract_articles`
--
ALTER TABLE `contract_articles`
  ADD PRIMARY KEY (`id`),
  ADD KEY `contract_type_id` (`contract_type_id`);

--
-- Indexes for table `contract_sections`
--
ALTER TABLE `contract_sections`
  ADD PRIMARY KEY (`id`),
  ADD KEY `article_id` (`article_id`);

--
-- Indexes for table `contract_statuses`
--
ALTER TABLE `contract_statuses`
  ADD PRIMARY KEY (`id`),
  ADD UNIQUE KEY `status_name` (`status_name`);

--
-- Indexes for table `contract_types`
--
ALTER TABLE `contract_types`
  ADD PRIMARY KEY (`id`),
  ADD KEY `authorized_user_id` (`authorized_user_id`),
  ADD KEY `created_by` (`created_by`);

--
-- Indexes for table `documents`
--
ALTER TABLE `documents`
  ADD PRIMARY KEY (`id`),
  ADD KEY `user_id` (`user_id`),
  ADD KEY `document_type_id` (`document_type_id`),
  ADD KEY `created_by` (`created_by`);

--
-- Indexes for table `document_types`
--
ALTER TABLE `document_types`
  ADD PRIMARY KEY (`id`),
  ADD UNIQUE KEY `type_name` (`type_name`);

--
-- Indexes for table `employees`
--
ALTER TABLE `employees`
  ADD PRIMARY KEY (`id`),
  ADD KEY `user_id` (`user_id`),
  ADD KEY `branch_id` (`branch_id`),
  ADD KEY `status_id` (`status_id`),
  ADD KEY `created_by` (`created_by`);

--
-- Indexes for table `notifications`
--
ALTER TABLE `notifications`
  ADD PRIMARY KEY (`id`),
  ADD KEY `user_id` (`user_id`);

--
-- Indexes for table `offices`
--
ALTER TABLE `offices`
  ADD PRIMARY KEY (`id`),
  ADD KEY `office_type_id` (`office_type_id`),
  ADD KEY `status_id` (`status_id`),
  ADD KEY `branch_id` (`branch_id`),
  ADD KEY `created_by` (`created_by`);

--
-- Indexes for table `office_types`
--
ALTER TABLE `office_types`
  ADD PRIMARY KEY (`id`),
  ADD UNIQUE KEY `type_name` (`type_name`);

--
-- Indexes for table `roles`
--
ALTER TABLE `roles`
  ADD PRIMARY KEY (`id`),
  ADD UNIQUE KEY `role_name` (`role_name`);

--
-- Indexes for table `statuses`
--
ALTER TABLE `statuses`
  ADD PRIMARY KEY (`id`),
  ADD UNIQUE KEY `status_name` (`status_name`);

--
-- Indexes for table `user_references`
--
ALTER TABLE `user_references`
  ADD PRIMARY KEY (`id`),
  ADD KEY `address_id` (`address_id`),
  ADD KEY `user_id` (`user_id`),
  ADD KEY `created_by` (`created_by`);

--
-- AUTO_INCREMENT for dumped tables
--

--
-- AUTO_INCREMENT for table `addresses`
--
ALTER TABLE `addresses`
  MODIFY `id` int(11) NOT NULL AUTO_INCREMENT, AUTO_INCREMENT=11;

--
-- AUTO_INCREMENT for table `audit_log`
--
ALTER TABLE `audit_log`
  MODIFY `id` int(11) NOT NULL AUTO_INCREMENT;

--
-- AUTO_INCREMENT for table `branches`
--
ALTER TABLE `branches`
  MODIFY `id` int(11) NOT NULL AUTO_INCREMENT, AUTO_INCREMENT=4;

--
-- AUTO_INCREMENT for table `business_types`
--
ALTER TABLE `business_types`
  MODIFY `id` int(11) NOT NULL AUTO_INCREMENT, AUTO_INCREMENT=3;

--
-- AUTO_INCREMENT for table `clients`
--
ALTER TABLE `clients`
  MODIFY `id` int(11) NOT NULL AUTO_INCREMENT;

--
-- AUTO_INCREMENT for table `contracts`
--
ALTER TABLE `contracts`
  MODIFY `id` int(11) NOT NULL AUTO_INCREMENT;

--
-- AUTO_INCREMENT for table `contract_articles`
--
ALTER TABLE `contract_articles`
  MODIFY `id` int(11) NOT NULL AUTO_INCREMENT, AUTO_INCREMENT=10;

--
-- AUTO_INCREMENT for table `contract_sections`
--
ALTER TABLE `contract_sections`
  MODIFY `id` int(11) NOT NULL AUTO_INCREMENT, AUTO_INCREMENT=51;

--
-- AUTO_INCREMENT for table `contract_statuses`
--
ALTER TABLE `contract_statuses`
  MODIFY `id` int(11) NOT NULL AUTO_INCREMENT, AUTO_INCREMENT=5;

--
-- AUTO_INCREMENT for table `contract_types`
--
ALTER TABLE `contract_types`
  MODIFY `id` int(11) NOT NULL AUTO_INCREMENT, AUTO_INCREMENT=5;

--
-- AUTO_INCREMENT for table `documents`
--
ALTER TABLE `documents`
  MODIFY `id` int(11) NOT NULL AUTO_INCREMENT;

--
-- AUTO_INCREMENT for table `document_types`
--
ALTER TABLE `document_types`
  MODIFY `id` int(11) NOT NULL AUTO_INCREMENT, AUTO_INCREMENT=4;

--
-- AUTO_INCREMENT for table `employees`
--
ALTER TABLE `employees`
  MODIFY `id` int(11) NOT NULL AUTO_INCREMENT, AUTO_INCREMENT=8;

--
-- AUTO_INCREMENT for table `notifications`
--
ALTER TABLE `notifications`
  MODIFY `id` int(11) NOT NULL AUTO_INCREMENT;

--
-- AUTO_INCREMENT for table `offices`
--
ALTER TABLE `offices`
  MODIFY `id` int(11) NOT NULL AUTO_INCREMENT, AUTO_INCREMENT=7;

--
-- AUTO_INCREMENT for table `office_types`
--
ALTER TABLE `office_types`
  MODIFY `id` int(11) NOT NULL AUTO_INCREMENT, AUTO_INCREMENT=5;

--
-- AUTO_INCREMENT for table `roles`
--
ALTER TABLE `roles`
  MODIFY `id` int(11) NOT NULL AUTO_INCREMENT, AUTO_INCREMENT=5;

--
-- AUTO_INCREMENT for table `statuses`
--
ALTER TABLE `statuses`
  MODIFY `id` int(11) NOT NULL AUTO_INCREMENT, AUTO_INCREMENT=3;

--
-- AUTO_INCREMENT for table `user_references`
--
ALTER TABLE `user_references`
  MODIFY `id` int(11) NOT NULL AUTO_INCREMENT;

--
-- Constraints for dumped tables
--

--
-- Constraints for table `audit_log`
--
ALTER TABLE `audit_log`
  ADD CONSTRAINT `audit_log_ibfk_1` FOREIGN KEY (`user_id`) REFERENCES `users` (`id`);

--
-- Constraints for table `branches`
--
ALTER TABLE `branches`
  ADD CONSTRAINT `branches_ibfk_1` FOREIGN KEY (`address_id`) REFERENCES `addresses` (`id`) ON DELETE SET NULL,
  ADD CONSTRAINT `branches_ibfk_2` FOREIGN KEY (`status_id`) REFERENCES `statuses` (`id`),
  ADD CONSTRAINT `branches_ibfk_3` FOREIGN KEY (`created_by`) REFERENCES `users` (`id`);

--
-- Constraints for table `clients`
--
ALTER TABLE `clients`
  ADD CONSTRAINT `clients_ibfk_1` FOREIGN KEY (`user_id`) REFERENCES `users` (`id`),
  ADD CONSTRAINT `clients_ibfk_2` FOREIGN KEY (`status_id`) REFERENCES `statuses` (`id`),
  ADD CONSTRAINT `clients_ibfk_3` FOREIGN KEY (`created_by`) REFERENCES `users` (`id`);

--
-- Constraints for table `contracts`
--
ALTER TABLE `contracts`
  ADD CONSTRAINT `contracts_ibfk_1` FOREIGN KEY (`user_id`) REFERENCES `users` (`id`),
  ADD CONSTRAINT `contracts_ibfk_2` FOREIGN KEY (`business_type_id`) REFERENCES `business_types` (`id`),
  ADD CONSTRAINT `contracts_ibfk_3` FOREIGN KEY (`branch_id`) REFERENCES `branches` (`id`),
  ADD CONSTRAINT `contracts_ibfk_4` FOREIGN KEY (`office_id`) REFERENCES `offices` (`id`),
  ADD CONSTRAINT `contracts_ibfk_5` FOREIGN KEY (`contract_type_id`) REFERENCES `contract_types` (`id`),
  ADD CONSTRAINT `contracts_ibfk_6` FOREIGN KEY (`contract_status_id`) REFERENCES `contract_statuses` (`id`),
  ADD CONSTRAINT `contracts_ibfk_7` FOREIGN KEY (`created_by`) REFERENCES `users` (`id`);

--
-- Constraints for table `contract_articles`
--
ALTER TABLE `contract_articles`
  ADD CONSTRAINT `contract_articles_ibfk_1` FOREIGN KEY (`contract_type_id`) REFERENCES `contract_types` (`id`);

--
-- Constraints for table `contract_sections`
--
ALTER TABLE `contract_sections`
  ADD CONSTRAINT `contract_sections_ibfk_1` FOREIGN KEY (`article_id`) REFERENCES `contract_articles` (`id`);

--
-- Constraints for table `contract_types`
--
ALTER TABLE `contract_types`
  ADD CONSTRAINT `contract_types_ibfk_1` FOREIGN KEY (`authorized_user_id`) REFERENCES `users` (`id`),
  ADD CONSTRAINT `contract_types_ibfk_2` FOREIGN KEY (`created_by`) REFERENCES `users` (`id`);

--
-- Constraints for table `documents`
--
ALTER TABLE `documents`
  ADD CONSTRAINT `documents_ibfk_1` FOREIGN KEY (`user_id`) REFERENCES `users` (`id`),
  ADD CONSTRAINT `documents_ibfk_2` FOREIGN KEY (`document_type_id`) REFERENCES `document_types` (`id`),
  ADD CONSTRAINT `documents_ibfk_3` FOREIGN KEY (`created_by`) REFERENCES `users` (`id`);

--
-- Constraints for table `employees`
--
ALTER TABLE `employees`
  ADD CONSTRAINT `employees_ibfk_1` FOREIGN KEY (`user_id`) REFERENCES `users` (`id`),
  ADD CONSTRAINT `employees_ibfk_2` FOREIGN KEY (`branch_id`) REFERENCES `branches` (`id`),
  ADD CONSTRAINT `employees_ibfk_3` FOREIGN KEY (`status_id`) REFERENCES `statuses` (`id`),
  ADD CONSTRAINT `employees_ibfk_4` FOREIGN KEY (`created_by`) REFERENCES `users` (`id`);

--
-- Constraints for table `notifications`
--
ALTER TABLE `notifications`
  ADD CONSTRAINT `notifications_ibfk_1` FOREIGN KEY (`user_id`) REFERENCES `users` (`id`);

--
-- Constraints for table `offices`
--
ALTER TABLE `offices`
  ADD CONSTRAINT `offices_ibfk_1` FOREIGN KEY (`office_type_id`) REFERENCES `office_types` (`id`),
  ADD CONSTRAINT `offices_ibfk_2` FOREIGN KEY (`status_id`) REFERENCES `statuses` (`id`),
  ADD CONSTRAINT `offices_ibfk_3` FOREIGN KEY (`branch_id`) REFERENCES `branches` (`id`),
  ADD CONSTRAINT `offices_ibfk_4` FOREIGN KEY (`created_by`) REFERENCES `users` (`id`);

--
-- Constraints for table `user_references`
--
ALTER TABLE `user_references`
  ADD CONSTRAINT `user_references_ibfk_1` FOREIGN KEY (`address_id`) REFERENCES `addresses` (`id`) ON DELETE SET NULL,
  ADD CONSTRAINT `user_references_ibfk_2` FOREIGN KEY (`user_id`) REFERENCES `users` (`id`),
  ADD CONSTRAINT `user_references_ibfk_3` FOREIGN KEY (`created_by`) REFERENCES `users` (`id`);
COMMIT;

